divided by a.
10
Suppose -3*o = 1991 + 679. Let r = -816 - o. Calculate the remainder when 153 is divided by r.
5
Let r = -985 + 1159. Calculate the remainder when 6262 is divided by r.
172
Suppose 5*k = 24 + 1, -2*t = -3*k + 9. Suppose n - 99 = o - 0*o, -4*n = t*o - 361. Calculate the remainder when n is divided by 37.
20
Suppose 0 = -5*n + 24*z - 26*z + 3439, 4*z = 2*n - 1390. What is the remainder when n is divided by 14?
3
Let u(t) = t**3 + 10*t**2 - 7*t - 29. Calculate the remainder when 928 is divided by u(3).
57
Let r = -41 + 115. What is the remainder when (19053/(-12))/29*32/(-6) is divided by r?
70
Let a = 190 - 124. Suppose -92 = -15*i + 6 + 22. Let v = a + i. What is the remainder when v is divided by 11?
8
Suppose -5*m + 5*c + 30 = 0, -5*m + 3*m - 5*c + 33 = 0. Calculate the remainder when 2/m + 0 + (-10095)/(-135) is divided by ((-22)/4)/((-1)/2).
9
Suppose 13*w = 2*y + 9*w - 34, 0 = 51*y - 4*w - 475. Let m(r) = 4*r**2 - r. What is the remainder when m(-5) is divided by y?
6
Suppose 22*y + 48 = 136. Suppose -y*o - 2*d + 196 - 50 = 0, 0 = -4*o + 4*d + 176. What is the remainder when 65 is divided by o?
26
Suppose 0 = -518*u - 483*u + 969*u + 320. Calculate the remainder when 0/3 - (-110)/2 is divided by u.
5
Suppose -5*y + 0*y = -20. Suppose o - 39 = -y*o + 3*u, 5*u = 4*o - 26. Let n(z) = 4*z**2 - 20*z - 14. Calculate the remainder when n(o) is divided by 33.
31
Let h(d) = -8*d - 53. Let z(q) = 6*q - 5*q + 3*q - 6*q. Let p(x) = h(x) - z(x). What is the remainder when p(-13) is divided by 13?
12
Suppose -353*f + 5*n = -358*f + 4175, 4199 = 5*f - 3*n. What is the remainder when f is divided by 110?
68
Suppose 4*v - 90 = l + 19, 5*v + 179 = -2*l. Let y = l - -100. Suppose -33 = -p + 2*o, y*o + o + 37 = p. Calculate the remainder when 79 is divided by p.
21
Suppose 2*v = 2*h + v - 8, 0 = -5*h + 5*v + 10. Suppose 48*w - 35*w = 169. Calculate the remainder when w is divided by h.
1
Suppose 4*x - 12*d = -9*d + 63214, 0 = -5*x - 4*d + 79064. What is the remainder when x is divided by 97?
94
Let c(q) = q**2 - 2*q - 1. Let u be c(-1). What is the remainder when u/(-6) - (-500)/15 is divided by (84/(-70))/(12/225*5/(-2))?
6
Suppose -7857 = 68*o - 171*o - 29. What is the remainder when 917 is divided by o?
5
Let l(f) = 2*f**2 + 56*f - 548. Calculate the remainder when l(10) is divided by 78.
56
Let k = 59 + -53. Suppose -289 = -k*p + 1745. What is the remainder when p is divided by 11?
9
Suppose -4*f = -k - 1098, 14*f = 11*f - 4*k + 814. Suppose -21*p + f = -545. Calculate the remainder when p is divided by 20.
19
Calculate the remainder when 846 is divided by ((-48)/9 + -2)*24/(-16).
10
Suppose -66*f + 10167 - 5481 = 0. Suppose -49 = -4*h + x, 4*h + 4*x - 46 = 2*x. What is the remainder when f is divided by h?
11
Suppose -5*t - 4*x + 15 = 0, -3*t + 4*x + 0 = -9. Suppose 4*a = -t*o + 263, 90 + 85 = 2*o + 3*a. What is the remainder when o is divided by 10?
9
Suppose i - 47 = -b, -41*i = -36*i - 3*b - 235. Suppose 1535 = -i*c + 5765. Let t(m) = 3*m**2 - 2. What is the remainder when c is divided by t(4)?
44
Suppose 843 = -80*o + 266*o - 1947. What is the remainder when 4679 is divided by o?
14
Let a = 59 + -62. Calculate the remainder when ((-2 - a) + 89)*(-138)/(-207) is divided by 13.
8
Suppose 3*n - 23 - 3 = 5*g, -2*n - 4*g = 12. Suppose q + n*q = 42. Let u(d) = d**2 + 3*d - 5. Calculate the remainder when u(4) is divided by q.
9
Let g = 4839 - 4710. What is the remainder when 337 is divided by g?
79
Let k = -23863 + 59638. What is the remainder when k is divided by 178?
175
Let q(k) = 23*k + 235. Suppose o = 5*o + 16, 0 = 5*d - 4*o - 1286. Calculate the remainder when d is divided by q(-8).
50
Suppose 3*g - 7*b - 9099 = -3*b, 0 = -g + 5*b + 3022. Suppose -14*l - 27 + g = 0. What is the remainder when l is divided by 36?
35
Let s be 0 + -1 - 295/(-5). Let j(d) = 3*d**3 + 10*d**2 + d - 4. Let r be j(-3). Suppose r = -4*k + s. What is the remainder when k is divided by 10?
4
Let s = -145 + 210. Calculate the remainder when ((-14)/8)/((-5)/920 + 0) is divided by s.
62
Suppose 0 = -8*r + 5*r + 6. Let l(d) = -6*d**2 + 9*d + 18 + d**2 + 6*d**r + 6. Calculate the remainder when 43 is divided by l(-9).
19
Let u = 16504 + -11458. What is the remainder when u is divided by 27?
24
Let p = 6113 + -5972. Calculate the remainder when 836 is divided by p.
131
Suppose 46*f - 99 = 99*f - 62*f. Calculate the remainder when 8501 is divided by f.
9
Let z = 2314 + -2198. Suppose -33 = -4*l + 35. What is the remainder when z is divided by l?
14
Suppose -4*h = -1210 + 990. Calculate the remainder when 281 is divided by h.
6
Suppose -2*r + 5*v + 61 + 131 = 0, 0 = -r + 4*v + 93. Calculate the remainder when r is divided by 8/6*-3 - -22.
11
Suppose 0 = 11*y + 3*y - 546. What is the remainder when 59 is divided by y?
20
Let h(s) = -s**3 + 2*s**2 + 4*s - 5. Let i(x) = -x**3 + 3*x**2 + 4*x - 5. Let c be i(4). What is the remainder when 2 + 5/c*-4 is divided by h(2)?
0
Suppose 4*g - 72 = u + 37, 0 = 3*g - 5*u - 103. What is the remainder when (231/4)/((-162)/(-216)) is divided by g?
25
Suppose 6 = -2*c, 0 = -6*h + 2*h + c - 709. Let n = -117 - h. Let l = n + -28. What is the remainder when l is divided by 9?
6
Suppose 2*z - 4 = -14, 0 = 4*d - z + 31. Let o be (6/d)/((-2)/3). What is the remainder when 46 is divided by (-26)/4*-4 - o?
21
Let d(l) = -271*l - 1083. What is the remainder when d(-5) is divided by 39?
38
Suppose 4*y + 2*j - 110 = 10, -2*j = -4*y + 120. Suppose y*b - 98 = 352. Calculate the remainder when 133 is divided by b.
13
Let a(u) = 3*u**2 + 9*u - 18. Let g(w) = 6*w + 12 + 11*w - 3*w - 6. Calculate the remainder when g(7) is divided by a(3).
32
Suppose 332*r + 200*r - 166516 = 0. Calculate the remainder when r is divided by 23.
14
Let f(k) = 1145*k - 534. Calculate the remainder when f(3) is divided by 6.
3
Suppose -33 = t + 35. Let y = t - -75. Calculate the remainder when 145 is divided by y.
5
Suppose -13*r + 5*j + 3165 = -10*r, 5*r - 5313 = 2*j. Calculate the remainder when r is divided by 17.
11
Let b = -373 + 181. What is the remainder when 137 is divided by (7/2)/(6*(-8)/b)?
11
Let s(l) = 3*l**2 - 5*l - 5*l + 26 - l**2 - l. What is the remainder when 62 is divided by s(5)?
20
Let p = -46 - -19. Calculate the remainder when 287 is divided by 22*(-8)/(48/p).
89
Suppose -t - 69 = -5*t + h, 0 = h + 5. Calculate the remainder when 9/(-36) + 3748/t is divided by 34.
30
Let a(p) = p**3 + 11*p**2 + 26*p + 64. What is the remainder when 6423 is divided by a(-6)?
87
Let u = 2465 - 2376. Calculate the remainder when 442 is divided by u.
86
Let w = 5 - 3. Suppose -4*g + 14 = w. Calculate the remainder when (-1)/(-4 - 297/(-77)) is divided by g.
1
Let g be (-1)/(-2)*(-1 + 2 + 9). Suppose h - 2 = 3*b - b, -g*b + 10 = 0. Calculate the remainder when 11 is divided by h.
5
Suppose -3*l = 2*t - 4*t + 92, 2 = -t. Let x be 57/1 + l/8. Suppose 9*f = x + 28. What is the remainder when 62 is divided by f?
8
Calculate the remainder when 442/10 - (-40)/(-200) is divided by 25.
19
Suppose -13*y - 3*w = -59 - 63, 0 = 2*y + w - 22. Let a(r) = 7*r**2 + 2*r - 4. Calculate the remainder when a(-3) is divided by y.
5
Let r = -10009 + 10063. Calculate the remainder when 202 is divided by r.
40
Let n(j) = 4*j + 18. Let d(l) = -3*l - 17. Let m(x) = -5*d(x) - 4*n(x). Let g be m(-12). Let r = g - 8. What is the remainder when 33 is divided by r?
16
Let a be 0 + 1 + -2 + 1. Suppose a = b - 12 - 22. Let g = -2926 + 2945. What is the remainder when b is divided by g?
15
Let y = -38 + 73. Suppose v = 2, s + 202 = 3*s + 5*v. Calculate the remainder when s is divided by y.
26
Let g = -95 - -108. Suppose -x = 2*x - 2*y - 5, x = -5*y + g. Suppose 0 = -x*j + 4*j - 74. Calculate the remainder when j is divided by 20.
14
Suppose 55*f = -134*f + 13986. Calculate the remainder when 146 is divided by f.
72
Suppose -4*x - 555 + 563 = 0. Suppose -b + 6*b + 5*s - 95 = 0, -b - x*s = -24. What is the remainder when 24 is divided by b?
10
Let u be -135*(70/(-25) - -2). Suppose 21 - 23 = -x, 5*x = -2*c + u. What is the remainder when c is divided by 13?
10
Suppose 3*x + l + 43 - 142 = 0, l = 3*x - 105. Calculate the remainder when 13597 is divided by x.
31
Suppose -52*o = -51*o - 441. Suppose -6*c +